the prime factors of 8207.
29, 283
List the prime factors of 1655.
5, 331
What are the prime factors of 132846?
2, 3, 7, 3163
What are the prime factors of 2268?
2, 3, 7
What are the prime factors of 2700?
2, 3, 5
What are the prime factors of 36653?
36653
What are the prime factors of 27215?
5, 5443
What are the prime factors of 7706?
2, 3853
List the prime factors of 342.
2, 3, 19
List the prime factors of 1287.
3, 11, 13
List the prime factors of 10939.
10939
What are the prime factors of 1046?
2, 523
List the prime factors of 9275.
5, 7, 53
List the prime factors of 1433.
1433
What are the prime factors of 23486?
2, 11743
List the prime factors of 34706.
2, 7, 37, 67
List the prime factors of 1889.
1889
What are the prime factors of 96880?
2, 5, 7, 173
List the prime factors of 125323.
11, 11393
List the prime factors of 12895.
5, 2579
What are the prime factors of 1118?
2, 13, 43
List the prime factors of 833.
7, 17
What are the prime factors of 27822?
2, 3, 4637
List the prime factors of 5305.
5, 1061
What are the prime factors of 1007?
19, 53
List the prime factors of 1151.
1151
What are the prime factors of 19244?
2, 17, 283
List the prime factors of 19933.
31, 643
What are the prime factors of 18994?
2, 9497
List the prime factors of 1267.
7, 181
List the prime factors of 3724.
2, 7, 19
What are the prime factors of 2679?
3, 19, 47
List the prime factors of 1054.
2, 17, 31
List the prime factors of 1457.
31, 47
List the prime factors of 56035.
5, 7, 1601
List the prime factors of 142118.
2, 71059
List the prime factors of 8898.
2, 3, 1483
List the prime factors of 1134.
2, 3, 7
List the prime factors of 1059.
3, 353
What are the prime factors of 302?
2, 151
What are the prime factors of 2522?
2, 13, 97
What are the prime factors of 7398?
2, 3, 137
What are the prime factors of 1031?
1031
What are the prime factors of 103875?
3, 5, 277
What are the prime factors of 1825?
5, 73
What are the prime factors of 6720?
2, 3, 5, 7
What are the prime factors of 8849?
8849
List the prime factors of 19790.
2, 5, 1979
What are the prime factors of 79490?
2, 5, 7949
What are the prime factors of 17924?
2, 4481
What are the prime factors of 376?
2, 47
What are the prime factors of 10217?
17, 601
List the prime factors of 3651.
3, 1217
List the prime factors of 1484.
2, 7, 53
List the prime factors of 8375.
5, 67
List the prime factors of 10862.
2, 5431
What are the prime factors of 15875?
5, 127
What are the prime factors of 9402?
2, 3, 1567
List the prime factors of 9045.
3, 5, 67
List the prime factors of 11250.
2, 3, 5
List the prime factors of 3056.
2, 191
What are the prime factors of 4637?
4637
List the prime factors of 28208.
2, 41, 43
List the prime factors of 729.
3
What are the prime factors of 8844?
2, 3, 11, 67
What are the prime factors of 228?
2, 3, 19
What are the prime factors of 945?
3, 5, 7
What are the prime factors of 60361?
7, 8623
What are the prime factors of 1064?
2, 7, 19
List the prime factors of 75075.
3, 5, 7, 11, 13
What are the prime factors of 3298?
2, 17, 97
What are the prime factors of 722?
2, 19
What are the prime factors of 789?
3, 263
List the prime factors of 4907.
7, 701
List the prime factors of 944.
2, 59
What are the prime factors of 524?
2, 131
List the prime factors of 6822.
2, 3, 379
List the prime factors of 19368.
2, 3, 269
What are the prime factors of 2478?
2, 3, 7, 59
List the prime factors of 13178.
2, 11, 599
What are the prime factors of 138964?
2, 7, 709
What are the prime factors of 10954?
2, 5477
List the prime factors of 53555.
5, 10711
List the prime factors of 5499.
3, 13, 47
What are the prime factors of 458?
2, 229
What are the prime factors of 25776?
2, 3, 179
List the prime factors of 18583.
18583
List the prime factors of 19069.
19069
What are the prime factors of 7402?
2, 3701
What are the prime factors of 1142?
2, 571
List the prime factors of 10475.
5, 419
List the prime factors of 852.
2, 3, 71
List the prime factors of 234.
2, 3, 13
What are the prime factors of 2552?
2, 11, 29
List the prime factors of 23994.
2, 3, 31, 43
What are the prime factors of 175?
5, 7
List the prime factors of 1798.
2, 29, 31
What are the prime factors of 1054?
2, 17, 31
List the prime factors of 18536.
2, 7, 331
List the prime factors of 3104.
2, 97
What are the prime factors of 4923?
3, 547
List the prime factors of 213.
3, 71
What are the prime factors of 123085?
5, 103, 239
What are the prime factors of 35301?
3, 7, 41
What are the prime factors of 4?
2
List the prime factors of 787.
787
List the prime factors of 1941.
3, 647
List the prime factors of 328.
2, 41
What are the prime factors of 8456?
2, 7, 151
What are the prime factors of 1720?
2, 5, 43
List the prime factors of 66950.
2, 5, 13, 103
List the prime factors of 5978.
2, 7, 61
List the prime factors of 30458.
2, 97, 157
List the prime factors of 1849.
43
List the prime factors of 6342.
2, 3, 7, 151
List the prime factors of 1661.
11, 151
What are the prime factors of 1596?
2, 3, 7, 19
What are the prime factors of 631?
631
List the prime factors of 97789.
97789
What are the prime factors of 33005?
5, 7, 23, 41
List the prime factors of 471.
3, 157
List the prime factors of 1510.
2, 5, 151
List the prime factors of 10301.
10301
What are the prime factors of 2556?
2, 3, 71
What are the prime factors of 2967?
3, 23, 43
What are the prime factors of 5245?
5, 1049
List the prime factors of 678.
2, 3, 113
What are the prime factors of 1376?
2, 43
What are the prime factors of 14670?
2, 3, 5, 163
What are the prime factors of 81187?
19, 4273
List the prime factors of 18012.
2, 3, 19, 79
What are the prime factors of 3?
3
What are the prime factors of 5318?
2, 2659
List the prime factors of 1382.
2, 691
What are the prime factors of 36308?
2, 29, 313
What are the prime factors of 1365?
3, 5, 7, 13
What are the prime factors of 481?
13, 37
What are the prime factors of 1075?
5, 43
What are the prime factors of 33787?
13, 23, 113
List the prime factors of 29034.
2, 3, 1613
What are the prime factors of 300?
2, 3, 5
What are the prime factors of 2736?
2, 3, 19
What are the prime factors of 9279?
3, 1031
What are the prime factors of 12608?
2, 197
What are the prime factors of 1059?
3, 353
List the prime factors of 8.
2
What are the prime factors of 22206?
2, 3, 3701
What are the prime factors of 8173?
11, 743
List the prime factors of 604.
2, 151
List the prime factors of 1896.
2, 3, 79
What are the prime factors of 18492?
2, 3, 23, 67
What are the prime factors of 2906?
2, 1453
What are the prime factors of 1541?
23, 67
What are the prime factors of 183?
3, 61
What are the prime factors of 2417?
2417
What are the prime factors of 312?
2, 3, 13
List the prime factors of 64942.
2, 19, 1709
List the prime factors of 79026.
2, 3, 13171
List the prime factors of 403.
13, 31
What are the prime factors of 25263?
3, 7, 401
List the prime factors of 858.
2, 3, 11, 13
List the prime factors of 18414.
2, 3, 11, 31
List the prime factors of 898.
2, 449
List the prime factors of 10004.
2, 41, 61
List the prime factors of 1545.
3, 5, 103
List the prime factors of 1414.
2, 7, 101
List the prime factors of 31206.
2, 3, 7, 743
What are the prime factors of 6215?
5, 11, 113
List the prime factors of 10600.
2, 5, 53
List the prime factors of 35330.
2, 5, 3533
List the prime factors of 13406.
2, 6703
What are the prime factors of 26096?
2, 7, 233
List the prime factors of 674.
2, 337
What are the prime factors of 959?
7, 137
What are the prime factors of 26237?
26237
What are the prime factors of 77890?
2, 5, 7789
What are the prime factors of 4355?
5, 13, 67
List the prime factors of 88.
2, 11
List the prime factors of 6143.
6143
List the prime factors of 532.
2, 7, 19
List the prime factors of 2425.
5, 97
List the prime factors of 731.
17, 43
List the prime factors of 7950.
2, 3, 5, 53
List the prime factors of 592.
2, 37
List the prime factors of 17847.
3, 661
What are the prime factors of 1200?
2, 3, 5
What are the prime factors of 3996?
2, 3, 37
What are the prime factors of 60854?
2, 30427
What are the prime factors of 384?
2, 3
List the prime factors of 32915.
5, 29, 227
List the prime factors of 33169.
41, 809
List the prime factors of 42863.
42863
List th